{"id":6025,"date":"2024-02-13T22:09:01","date_gmt":"2024-02-13T22:09:01","guid":{"rendered":"http:\/\/eminteknikservis.com\/?post_type=product&#038;p=6025"},"modified":"2024-02-13T22:19:50","modified_gmt":"2024-02-13T22:19:50","slug":"wiicom-guvenlik-konsolu","status":"publish","type":"product","link":"https:\/\/eminteknikservis.com\/index.php\/\/urun\/wiicom-guvenlik-konsolu\/","title":{"rendered":"WiiCOM G\u00fcvenlik Konsolu"},"content":{"rendered":"<h3 class=\"product_title entry-title wd-entities-title\">WiiCOM G\u00fcvenlik Konsolu<\/h3>\n<div class=\"title-subtitle subtitle-color-white subtitle-style-default wd-fontsize-m\">WiiCOM<\/div>\n<div class=\"liner-continer\">\n<h3 class=\"woodmart-title-container title wd-fontsize-xxxl\">\u0130NTERKOM S\u0130STEM\u0130<\/h3>\n<\/div>\n<div class=\"title-after_title set-cont-mb-s reset-last-child wd-fontsize-s\">\n<p>Siz evde yokken kap\u0131n\u0131z \u00e7ald\u0131\u011f\u0131nda belirledi\u011finiz cep telefonunuza \u00e7a\u011fr\u0131y\u0131 y\u00f6nlendirir ve gelen misafirinizi kar\u015f\u0131lay\u0131p kap\u0131n\u0131z\u0131 a\u00e7abilirsiniz.<\/p>\n<p>Ayr\u0131ca sizin evde olup olmad\u0131\u011f\u0131n\u0131z\u0131 kontrol etmek isteyen k\u00f6t\u00fc niyetli ki\u015filere kar\u015f\u0131 evdeymi\u015fsiniz izlenimi verebilirsiniz.<\/p>\n<div class=\"liner-continer\">\n<h3 class=\"woodmart-title-container title wd-fontsize-xxxl\">Dahili \u0130nterkom<\/h3>\n<\/div>\n<div class=\"title-after_title set-cont-mb-s reset-last-child wd-fontsize-s\">\n<p>Y\u00fcksek kalite standartlar\u0131nda g\u00f6r\u00fc\u015fme imk\u00e2n\u0131 sunan dahili \u0130NTERKOM sistemi ile bina veya bah\u00e7e giri\u015finden evinizi birisi arad\u0131\u011f\u0131nda, evinizdeki otomasyon panellerinden veya cep telefonunuzdan gelen ki\u015fiyi ile g\u00f6r\u00fc\u015febilir, kap\u0131y\u0131 a\u00e7\u0131p i\u00e7eriye davet edebilirsiniz.<\/p>\n<div class=\"liner-continer\">\n<h3 class=\"woodmart-title-container title wd-fontsize-xxxl\">Uzaktan Kontrol<\/h3>\n<\/div>\n<div class=\"title-after_title set-cont-mb-s reset-last-child wd-fontsize-s\">\n<p>Siz evde yokken kargo g\u00f6revlisi mi geldi? Cep telefonunuzdan kargo g\u00f6revlisi ile g\u00f6r\u00fc\u015f\u00fcp, binan\u0131z\u0131n veya bah\u00e7enizin kap\u0131s\u0131n\u0131 a\u00e7arak kargo g\u00f6revlisinden kargonuzu kap\u0131n\u0131za b\u0131rakmas\u0131n\u0131 rica edebilirsiniz. Evinizin kontrol\u00fc t\u00fcm\u00fcyle sizde\u2026<\/p>\n<\/div>\n<\/div>\n<\/div>\n","protected":false},"excerpt":{"rendered":"<p>WiiCOM G\u00fcvenlik Konsolu ile daireler aras\u0131nda g\u00f6r\u00fcnt\u00fcl\u00fc g\u00f6r\u00fc\u015fme yapabilirsiniz. G\u00f6r\u00fcnt\u00fcl\u00fc g\u00f6r\u00fc\u015fmede sadece g\u00fcvenlik konsolunun kameras\u0131na ba\u011flan\u0131p gelen misafirinizi veya G\u00fcvenlik G\u00f6revlinizle g\u00f6r\u00fcnt\u00fcl\u00fc g\u00f6r\u00fc\u015fme yapars\u0131n\u0131z. E\u011fer misafirleriniz i\u00e7in bekleme alan\u0131 varsa buraya harici bir IP G\u00fcvenlik Kameras\u0131 ekleyip onun g\u00f6r\u00fcnt\u00fcs\u00fcn\u00fc de alabilirsiniz. Dairelerdeki g\u00fcvenlik sens\u00f6rlerinden tetik ald\u0131\u011f\u0131nda G\u00fcvenlik Konsolu yard\u0131m\u0131yla G\u00fcvenlik G\u00f6revlisine haber verir. G\u00fcvenlik Konsolu ile dairelere toplant\u0131, aidat, kararlar vb. mesajlar\u0131n\u0131 toplu veya k\u0131smi g\u00f6nderebilirsiniz. 10\u201d boyutundaki ve y\u00fcksek \u00e7\u00f6z\u00fcn\u00fcrl\u00fckl\u00fc ekran sayesinde rahat bir kullan\u0131m sa\u011flars\u0131n\u0131z.<\/p>\n","protected":false},"featured_media":6026,"comment_status":"open","ping_status":"closed","template":"","meta":{"om_disable_all_campaigns":false,"_monsterinsights_skip_tracking":false,"_monsterinsights_sitenote_active":false,"_monsterinsights_sitenote_note":"","_monsterinsights_sitenote_category":0,"_uf_show_specific_survey":0,"_uf_disable_surveys":false},"product_brand":[],"product_cat":[63,122],"product_tag":[],"class_list":{"0":"post-6025","1":"product","2":"type-product","3":"status-publish","4":"has-post-thumbnail","6":"product_cat-akilli-ev-sistemleri","7":"product_cat-dis-paneller","8":"ts_product_brand-wiihom","10":"first","11":"instock","12":"taxable","13":"shipping-taxable","14":"product-type-simple","15":"add-to-wishlist-after_add_to_cart"},"aioseo_notices":[],"_links":{"self":[{"href":"https:\/\/eminteknikservis.com\/index.php\/wp-json\/wp\/v2\/product\/6025","targetHints":{"allow":["GET"]}}],"collection":[{"href":"https:\/\/eminteknikservis.com\/index.php\/wp-json\/wp\/v2\/product"}],"about":[{"href":"https:\/\/eminteknikservis.com\/index.php\/wp-json\/wp\/v2\/types\/product"}],"replies":[{"embeddable":true,"href":"https:\/\/eminteknikservis.com\/index.php\/wp-json\/wp\/v2\/comments?post=6025"}],"version-history":[{"count":1,"href":"https:\/\/eminteknikservis.com\/index.php\/wp-json\/wp\/v2\/product\/6025\/revisions"}],"predecessor-version":[{"id":6029,"href":"https:\/\/eminteknikservis.com\/index.php\/wp-json\/wp\/v2\/product\/6025\/revisions\/6029"}],"wp:featuredmedia":[{"embeddable":true,"href":"https:\/\/eminteknikservis.com\/index.php\/wp-json\/wp\/v2\/media\/6026"}],"wp:attachment":[{"href":"https:\/\/eminteknikservis.com\/index.php\/wp-json\/wp\/v2\/media?parent=6025"}],"wp:term":[{"taxonomy":"product_brand","embeddable":true,"href":"https:\/\/eminteknikservis.com\/index.php\/wp-json\/wp\/v2\/product_brand?post=6025"},{"taxonomy":"product_cat","embeddable":true,"href":"https:\/\/eminteknikservis.com\/index.php\/wp-json\/wp\/v2\/product_cat?post=6025"},{"taxonomy":"product_tag","embeddable":true,"href":"https:\/\/eminteknikservis.com\/index.php\/wp-json\/wp\/v2\/product_tag?post=6025"}],"curies":[{"name":"wp","href":"https:\/\/api.w.org\/{rel}","templated":true}]}}